 Let o(w) = w + 8. Let u(i) = -a(i) + 5*o(i). What is u(-9)?
-7
Let v(c) = -c**3 + 1612*c**2 + 1639*c**2 - 7 - 3241*c**2. Determine v(5).
118
Let g(f) = -13013*f - f**3 - 13013*f - 13006*f - 24*f**2 + 39057*f. Determine g(-25).
0
Suppose 3*y = 3*c - 49 + 67, c = -y + 4. Let k(p) = -7*p + 1. Let d(q) = 0*q - 3*q + 2*q. Let n(i) = c*k(i) + 6*d(i). What is n(5)?
4
Let n(z) be the third derivative of -z**5/5 - z**4/12 - z**3/3 - 2*z**2 + 501*z. Determine n(-1).
-12
Let k = 14 + -13. Let v be (90/75)/(k/(-5)). Let d(i) = i - 7*i**2 - 4 + 0*i - i**3 + i**2. Calculate d(v).
-10
Let f(g) = g**2 + 2*g - 3. Let m be f(-4). Let j(h) = -3*h**2 + 16*h - 4. Let l(k) = 2*k**2 - 11*k + 4. Let y(x) = -3*j(x) - 4*l(x). What is y(m)?
1
Suppose 82 = v + 80. Suppose 3*w - v*d = -19, -2*d + 2 = w - d. Let h(r) be the second derivative of r**5/20 + r**4/4 + r**3/3 - 3*r**2/2 + 25*r. Give h(w).
-9
Suppose 0 = 5*h - 21 - 19. Let s be h*1/(-14)*-7. Suppose 2*y = 4, c + s*c + 5*y = 10. Let j(b) = -b**2 - 2. What is j(c)?
-2
Let r be -2 + 0 - (-50)/2. Let o(a) = -a - 30. Let m be o(-30). Let y(k) = -k - r*k**2 + 0*k + 12*k**2 + m*k. Calculate y(-1).
-10
Let v(r) be the first derivative of 4*r**4 - 2*r**3/3 - r**2/2 - 2*r + 174. Let d(a) = 3*a**3 - a**2 - 1. Let t(h) = -5*d(h) + v(h). Give t(-3).
6
Let j(a) = 6*a**2 - 123*a + 52. Let t be j(20). Let x(k) = -3*k**2 - 17*k - 11. Calculate x(t).
-67
Let q(s) = -s**3 + 11*s**2 + 16*s - 16. Let x be ((-90)/(-25) - 6)*20/(-4). What is q(x)?
32
Let b(o) = -6*o + 64. Suppose 31*q - 411 + 17 = -22. Give b(q).
-8
Let a(d) = d**3 - 4*d**2 + 1. Let u be (-2)/4 + (-435)/10. Let j = u - -7. Let s = -33 - j. Determine a(s).
1
Let b(g) = g**3 + 2*g**2 - 7*g - 5. Suppose 6*v - 2*t + 58 - 40 = 0, -2*v + t - 5 = 0. Give b(v).
-9
Let y(u) = 4*u**3 + u + 2 - 3 - 7*u**3. Let b be 36/(-8) + 3 + (-4)/8. What is y(b)?
21
Let s(c) = c**2 + 19*c + 69. Let o be -14 - (-16 + -6)/22. What is s(o)?
-9
Let f(w) = 4*w - 139. Let b(z) = z - 27. Let h = -145 - -143. Let o(j) = h*f(j) + 11*b(j). Determine o(8).
5
Let k(z) be the second derivative of 3*z**5/20 - 7*z**4/3 + 7*z**3/6 - z**2/2 + 13*z - 93. Determine k(9).
-19
Suppose 0 = -4*t - 5*j + 25, t + 5*j + 1 = 11. Suppose 0 = 5*l - t*c + 45, 4*l + c + 29 = -2*c. Let y(o) = o**3 - 2*o + 21 + 8*o**2 - 16 - 16. Give y(l).
5
Let v(d) = -d. Let o(y) = -4*y**2 - 3*y - 2. Let c(g) = -o(g) + 5*v(g). Let j be c(1). Let t(k) = 29 + 2*k**3 - k - 5*k**3 - j*k**3 - 30. Calculate t(-1).
7
Suppose -d - 5*p = -24, 5*d - 3*p - 4 = p. Suppose -x = d*x. Let k(f) be the third derivative of -f**6/120 + f**3/3 - 424*f**2 + f + 5. Give k(x).
2
Let o = -208 + 222. Let z(q) = 334 - o*q - 657 + 324. Determine z(1).
-13
Let x be 6 + (-1 - -1*2). Let l(d) be the second derivative of -4*d - 5/6*d**3 + 1/12*d**4 + 2 - 3*d**2. Calculate l(x).
8
Let t(m) = 7*m**3 - 4*m**2 + 9*m - 8. Suppose -a - 15 = -6*a. Let o(z) = 4*z**3 - z**2 + 4*z - 4. Let g(s) = a*t(s) - 5*o(s). Calculate g(5).
-19
Suppose 265 = 2*k - l + 4*l, 3*k = 2*l + 378. Let j = 123 - k. Let z(g) = 2*g + 7. What is z(j)?
-3
Suppose -53*s + 55*s - 4 = 0. Suppose -80*v = -78*v - s. Let j(f) = -f**2 - 1. Calculate j(v).
-2
Let w(o) = -11*o + 19. Let l(h) = 2*h - 3. Let z(k) = -5*l(k) - w(k). Determine z(2).
-2
Let h(v) = -5*v**3 - v**2 - 10*v - 6. Let k(c) = -6*c**3 - 11*c - 6. Let s(d) = -5*h(d) + 4*k(d). Suppose -8*u - 207 = -15. Let a = u + 20. Give s(a).
-2
Let b be ((-4)/(-3))/(2/(-9)). Let n(t) = -1084*t**3 + 261*t**3 + 256*t**3 + 261*t**3 - t + 307*t**3 + 6*t**2 - 2*t - 3. Determine n(b).
15
Let y(g) = g**2 + 3*g - 3. Let r be 4/3*(-120)/(-16). Let l(s) be the second derivative of -s**3/6 + 2*s**2 - 4*s. Let a be l(r). Give y(a).
15
Suppose -3*j + 2*o = 6*o, 5*o - 35 = 5*j. Let b be 2/j + (-54)/(-12). Let n(i) = i. Let z(x) = -2*x + 1. Let t(g) = b*n(g) + z(g). Give t(1).
3
Suppose -j - 15 = -5*d, 2*d = 13*j - 10*j + 19. Let z(v) be the second derivative of v**5/20 + v**4/4 - 4*v**3/3 - 3*v**2 - 8*v. Determine z(j).
-16
Let y(s) = 4*s**3 - 3*s**3 + s**2 + 5*s**2 - 4 + 4*s. Suppose -179*f + 369 - 1264 = 0. What is y(f)?
1
Let h(t) = -4*t**2 + 16*t**2 - 37*t**2 - 8*t + 21*t - 15*t + 2. Calculate h(1).
-25
Let c(g) = -18*g**3 + 20*g**2 - 31*g + 72. Let j(q) = -11*q**3 + 10*q**2 - 17*q + 35. Let b(x) = -3*c(x) + 5*j(x). Give b(-11).
-8
Let d(b) = -b**3 + 3*b**2 + 3*b + 3. Let t(z) = -z + 12. Let l be t(10). Let q be (-4 - -5)*(l - 0). Suppose -3 = -h + i, h + q*h + i - 13 = 0. Calculate d(h).
-1
Let b = 1049/10530 + 2/5265. Let q(a) be the third derivative of 18*a**2 - b*a**5 - 1/8*a**4 + 0 + 0*a - 1/120*a**6 + 1/2*a**3. Give q(-5).
-7
Let v(u) = 6*u**2 + 1. Let b be 2/9 - (-328)/(-18). Let z(m) = -8*m**2 + 12*m + 3. Let k be z(-1). Let w = b - k. Determine v(w).
7
Let q(l) be the second derivative of 0 + 5/3*l**3 - 33*l + 1/12*l**4 + 13/2*l**2. What is q(-9)?
4
Let n(o) be the second derivative of -o**5/20 - o**4/4 - o**3/3 - o**2/2 + 5*o + 1. Suppose -96 + 91 = 5*r. Calculate n(r).
-1
Let j(y) be the second derivative of -y**5/20 + 8*y**4/3 + 19*y**3/3 - 155*y**2/2 + 48*y + 9. Determine j(33).
10
Let x(s) = -61*s**3 + 5*s**2 - 5*s + 22. Let i(r) = -40*r**3 + 3*r**2 - 3*r + 14. Let m(z) = -8*i(z) + 5*x(z). Give m(-1).
-15
Let o(u) be the first derivative of 3*u**2 - 4*u - 22. Let m(z) = -16*z + 12. Let v(l) = -4*m(l) - 11*o(l). What is v(5)?
-14
Let a(v) = -4*v + 20. Suppose -40*f + 39*f - 85*f = -602. Determine a(f).
-8
Let n = -377 - -380. Suppose 0 = -5*d - h - 2, 0*h + 6 = -3*d + h. Let g be 1/d*(n - -4). Let k(q) = -q**3 - 6*q**2 + 7*q - 4. Determine k(g).
-4
Let v(d) be the first derivative of 7*d**2/2 + 70*d + 418. Give v(-11).
-7
Let n be (-5 - (-33)/6)*4. Suppose n = b - 2*m, -b - 3*b = 4*m - 44. Suppose 21*v + 91 = b*v. Let u(h) = h**2 + 5*h - 4. Determine u(v).
10
Let i(h) = -h**2 + 5*h - 1. Let z(g) = -3*g**2 + 33*g + 8. Let f(u) = 4*i(u) - z(u). Suppose 32 = -2*t + 2*w, -w = 2*w - 15. Determine f(t).
10
Let j(a) = 14*a - 6. Let h(x) = 34*x + 71. Let b(o) = -3*h(o) + 3*j(o). Calculate b(-4).
9
Let s(m) be the third derivative of -m**6/120 - m**5/20 + 7*m**4/6 + 33*m**3/2 - 80*m**2 - 5. Calculate s(-4).
3
Let v(z) = -5 - 10*z**3 + 10*z**2 - 4*z**3 + 6*z - 4*z**3 + 21*z**3 + 0*z. What is v(-3)?
-14
Let y = 529 + -526. Let q(h) = 0 - 1 + 4*h**3 - y*h + 2 - 1 + h**2 - 2. What is q(-2)?
-24
Let t(p) = p + 25. Suppose -2*o + 25*r + 32 = 22*r, 2*r = 3*o - 33. Calculate t(o).
32
Suppose -3 = x - 4*q, -4*x - x - 2*q - 15 = 0. Let c(b) = 8*b + 2*b**3 + 32*b**2 - 6*b + 0*b - 28*b**2. Determine c(x).
-24
Suppose -225*c = -214*c + 77. Let b(d) = -d**2 - 19*d + 10. Give b(c).
94
Suppose 145*l = 140*l + 5. Let s(c) = -8*c**2 + 10*c. Let i be s(l). Let v(m) = 3*m**3 + 2*m**2 + m. Calculate v(i).
34
Suppose -2*u = -4*u. Suppose u = 3*x + 2*x. Let d(h) = 8 + 7*h - 8*h + 4 - 25 + 9. Determine d(x).
-4
Let o(c) = c - 4. Let a(k) = -11*k - 476. Let b be a(-40). Let v be 2 - (b/9)/2. What is o(v)?
0
Let b(m) be the second derivative of 11*m**3/6 + 3*m**2/2 + 3*m - 4. Let g(x) = -30*x - 8. Let h(d) = -11*b(d) - 4*g(d). Calculate h(-2).
1
Let h(u) be the third derivative of -u**5/60 + 3*u**4/8 - 2*u**3/3 + 7*u**2. Suppose -2*n = -11*g + 14*g - 10, 0 = -5*g - 4*n + 12. Calculate h(g).
4
Let z(k) = 2*k + 9*k + 52*k**2 - 16*k + 1 + 3*k. Give z(1).
51
Let s(f) = 2*f - 2. Let g be (-168)/78 + 2 + 82/26. Suppose 2*k - 4 - 17 = 5*b, -g*k = -5*b - 19. What is s(b)?
-12
Let o(x) be the first derivative of -3*x + 1/3*x**3 - 51 - 9/2*x**2. Suppose -12 = 4*i - 48. Give o(i).
-3
Let j = -8 - -4. Let o = 6 + j. Let m(x) = -6 + 0*x**o - 4 + 12 - x**2 + 4*x. What is m(3)?
5
Suppose 42*r = 45*r. Let q(y) = 3*y**2 + 2*y - 5. Let s(j) = 4*j**2 + 3*j - 4. Let m = 45 + -42. Let k(t) = m*q(t) - 2*s(t). What is k(r)?
-7
Let t = 8 + -12. Let w(u) = 69*u**3 - 2*u**2 + 5*u - 17. Let q(j) = 25*j**3 - j**2 + 2*j - 6. Let i(v) = 11*q(v) - 4*w(v). Calculate i(t).
10
Let b(w) = -1746*w + 5249*w - 1744*w + 2*w**2 - 33 - 1751*w. Calculate b(3).
9
Let r = -366 + 364. Let k(u) = u - 1. Let y(s) = -12*s + 12. Let n(a) = r*y(a) - 22*k(a). Suppose -5*v - 16 - 4 = 0. Calculate n(v).
-10
Suppose 3*q - 31 - 81 = -5*b, -4*q - 2*b + 168 = 0. Suppose -18*d = 136 + q. Let k(c) = -2*c - 8. What is k(d)?
12
Let q(y) = y**3 